In base 9, what is -71510 - 6?
-71516
In base 9, what is 283608 + 0?
283608
In base 4, what is 213221323203 - -10?
213221323213
In base 15, what is 4eb - -8a?
586
In base 10, what is -4 + -324239?
-324243
In base 14, what is -857 - -6?
-851
In base 4, what is 21 + -1232321?
-1232300
In base 12, what is -287 + -aa?
-375
In base 2, what is 100010110011 - -110111?
100011101010
In base 2, what is 111000 - -11100111101?
11101110101
In base 7, what is -136 - 12031?
-12200
In base 12, what is -77995 + 37?
-7795a
In base 15, what is 9a - -7d?
128
In base 10, what is 0 + 6846?
6846
In base 12, what is -8 + -46a?
-476
In base 15, what is 949 + 1ee?
b48
In base 4, what is 23113312 + 322?
23120300
In base 9, what is -228 - 135?
-364
In base 12, what is 968a9 - 4?
968a5
In base 3, what is 11110 + 21220110?
22001220
In base 13, what is 39043 + -16?
3902a
In base 10, what is 15405 + 32?
15437
In base 10, what is -527575 - -1?
-527574
In base 12, what is 10857 + 5?
10860
In base 15, what is -6625d - -2?
-6625b
In base 6, what is 212 + 1211?
1423
In base 13, what is 2835 + -2?
2833
In base 10, what is 200420 + 2?
200422
In base 16, what is 1f19 - f?
1f0a
In base 5, what is -121 + -4204204?
-4204330
In base 12, what is -1a48 + 43?
-1a05
In base 3, what is -2 - 101222111010?
-101222111012
In base 12, what is -143 + -72ba?
-7441
In base 3, what is -11021020 + 11122?
-11002121
In base 5, what is 1222 + -2042?
-320
In base 14, what is 2 - b4b8?
-b4b6
In base 8, what is 15 + 743?
760
In base 8, what is -4 - -64704?
64700
In base 15, what is -151b7 + 4?
-151b3
In base 2, what is -1011110100101011 + 0?
-1011110100101011
In base 15, what is -13 - 1d86c?
-1d880
In base 3, what is 111022201 + -2?
111022122
In base 2, what is -1 - -10111010111111?
10111010111110
In base 3, what is -12010 + -1221?
-21001
In base 4, what is -1100 + -22331?
-30031
In base 12, what is 47 - 4?
43
In base 3, what is -1111 - -11221211?
11220100
In base 12, what is 23674b + -2?
236749
In base 11, what is a174 + 4?
a178
In base 4, what is 13030312 + 3?
13030321
In base 11, what is 3a - 15481?
-15442
In base 8, what is 2164 + 1347?
3533
In base 10, what is 201837 - -11?
201848
In base 10, what is -19 - -5940?
5921
In base 5, what is -2 - -213321331?
213321324
In base 2, what is -10 + -10100101011000100?
-10100101011000110
In base 15, what is -27c2b3 - 4?
-27c2b7
In base 14, what is 6 + 4c37?
4c3d
In base 7, what is -1333151 - -1?
-1333150
In base 7, what is -66111 - -4?
-66104
In base 4, what is -33 - 33301?
-100000
In base 8, what is -11 - -11411?
11400
In base 9, what is -108 + -140?
-248
In base 7, what is -36 - 556?
-625
In base 3, what is 211122 + -1210022?
-221200
In base 8, what is -372754 + 4?
-372750
In base 4, what is 11 + -12323003?
-12322332
In base 3, what is -100101012012 - -11?
-100101012001
In base 13, what is 23 + 25900?
25923
In base 12, what is -2a4 + -43b?
-723
In base 16, what is 1ee6 + 1?
1ee7
In base 5, what is 231 - -120000?
120231
In base 5, what is -2414312 - -1?
-2414311
In base 5, what is 134300 + -344?
133401
In base 12, what is 194447 + -4?
194443
In base 2, what is 100 + -111111101001100?
-111111101001000
In base 12, what is -6 - -97a?
974
In base 7, what is -14 + 33654?
33640
In base 9, what is -52 - -213?
151
In base 12, what is -88b3 - 3?
-88b6
In base 2, what is -11 - 100101000100110001?
-100101000100110100
In base 14, what is -5a670 - -4?
-5a66a
In base 5, what is -24124 + 31?
-24043
In base 14, what is -4 + -1c09b?
-1c0a1
In base 6, what is -5 + -2121344?
-2121353
In base 16, what is -2 + 2f1d?
2f1b
In base 15, what is -42819 - 11?
-4282a
In base 8, what is -5 + 2347343?
2347336
In base 8, what is 110076 + -44?
110032
In base 5, what is 4134403 + -4?
4134344
In base 10, what is -903478 - 5?
-903483
In base 15, what is 1 - 94b8?
-94b7
In base 7, what is -2 + 1355114?
1355112
In base 3, what is -22201111 - 1001000?
-100202111
In base 2, what is -1000000 + -10011?
-1010011
In base 7, what is -1211 + -105?
-1316
In base 14, what is d1a + -311?
a09
In base 12, what is -223681 - 4?
-223685
In base 13, what is bc - -bc?
1ab
In base 8, what is -7753 - 11?
-7764
In base 9, what is -31 - 826?
-857
In base 3, what is -20002112012 + -2?
-20002112021
In base 15, what is 4 + -2d139?
-2d135
In base 5, what is 31302 + -10?
31242
In base 13, what is -13 - -1320a?
131c7
In base 13, what is -3b05b6 + 1?
-3b05b5
In base 11, what is 197a9 - 2?
197a7
In base 9, what is 3 - -1117473?
1117476
In base 4, what is -1 + 331303?
331302
In base 2, what is 11000110101111010 - -101?
11000110101111111
In base 11, what is 631424 - 3?
631421
In base 15, what is -5 + 22e7?
22e2
In base 16, what is f89 - c?
f7d
In base 5, what is -422 - -2003?
1031
In base 4, what is -1103003 - -1?
-1103002
In base 6, what is 0 + 3113432?
3113432
In base 13, what is 2 + 54ba?
54bc
In base 8, what is 1503 - 366?
1115
In base 11, what is -2499a - a5?
-24a94
In base 15, what is 17 - 186d6?
-186be
In base 4, what is 3233130231 + 3?
3233130300
In base 3, what is 20 + -222210221110?
-222210221020
In base 16, what is 45 + 858?
89d
In base 5, what is -1213 + 1224324?
1223111
In base 2, what is -10000101001 + 100001?
-10000001000
In base 7, what is 3 - 101301?
-101265
In base 2, what is 11000100100 - 10100000?
10110000100
In base 10, what is -237192 + 0?
-237192
In base 2, what is 101011001100011 - 10100?
101011001001111
In base 10, what is -2 - -3542?
3540
In base 2, what is 110000000001010100011 - -100?
110000000001010100111
In base 11, what is -14923 + -56?
-14979
In base 9, what is -648 - -380?
-258
In base 12, what is -4558 + -4?
-4560
In base 10, what is 57138 + 3?
57141
In base 14, what is -17 - -676ca?
676b3
In base 8, what is -16 - -25120?
25102
In base 14, what is 5 + -1a1d5?
-1a1d0
In base 11, what is 11 - -10a50?
10a61
In base 16, what is -35 - 6b?
-a0
In base 2, what is 1010100110101 - -100?
1010100111001
In base 15, what is 490 - -c3?
563
In base 4, what is -1112113 + 30?
-1112023
In base 5, what is -110243 + -344?
-111142
In base 7, what is -4 + 21104?
21100
In base 4, what is 1310211001 - 1?
1310211000
In base 3, what is -10100200101201 - -11?
-10100200101120
In base 16, what is -c - -1edb7?
1edab
In base 8, what is 624707 - -17?
624726
In base 6, what is 20335 + -12354?
3541
In base 14, what is -3 - 2cb4d0?
-2cb4d3
In base 9, what is 3013 + 4?
3017
In base 14, what is -92 + 54c3?
5431
In base 9, what is 10 - 61331?
-61321
In base 5, what is 1 + -4434230?
-4434224
In base 6, what is 431121 + -4?
431113
In base 2, what is -11001000110110111000111 - 10?
-11001000110110111001001
In base 10, what is 161 - 3370?
-3209
In base 16, what is -3 - -4a178?
4a175
In base 5, what is -41 - -23022?
22431
In base 5, what is 3 - -114312?
114320
In base 8, what is 0 + -247514?
-247514
In base 8, what is 35607 + -4?
35603
In base 14, what is 5c30 + 13?
5c43
In base 4, what is -11030030 + -3?
-11030033
In base 5, what is -1022224 - -1?
-1022223
In base 4, what is -2 + -111002023?
-111002031
In base 6, what is 201400540 + -5?
201400531
In base 10, what is -28 + 451?
423
In base 9, what is -475 + -2820?
-3405
In base 5, what is -33120102 + 4?
-33120043
In base 2, what is -1001001 - -110010?
-10111
In base 6, what is 112 + -5533?
-5421
In base 6, what is 14205 + -231?
13534
In base 12, what is -21a2 + 215?
-1b89
In base 13, what is -4221 - -7?
-4217
In base 14, what is -1c + -29b?
-2b9
In base 13, what is 4790 + c?
479c
In base 4, what is -31320213 + 32?
-31320121
In base 15, what is 1ec - -c75?
e72
In base 11, what is 4646 - -173?
4809
In base 11, what is -447 + -948?
-1294
In base 7, what is 21163065 - -5?
21163103
In base 8, what is 55143 - -7?
55152
In base 15, what is 294 + -52?
242
In base 6, what is -110 + 15022?
14512
In base 3, what is 12 + -2202101010?
-2202100221
In base 14, what is 329 - -23?
34c
In base 3, what is -2122 - 10011021?
-10020220
In base 10, what is 12 - 1110?
-1098
In base 11, what is 208727 - -4?
208730
In base 10, what is 100219 - -2?
100221
In base 15, what is ded - 2?
deb
In base 6, what is 2 - 13023?
-13021
In base 15, what is -30e40 + 3?
-30e3c
In base 4, what is 11 + 133313220?
133313231
In base 7, what is -10613 - 1436?
-12352
In base 7, what is -32632 + 4?
-32625
In base 5, what is -1223 + -